j + 1. Let u(r) = q(r) + 5*y(r). Let p be u(-6). Suppose p = -k - 0. Determine a(k).
-6
Let h = -2 + 3. Let a(k) = -5*k**3 + 4*k**3 - 2*k**2 + h - 2*k + k**2. Let v be 4*((-19)/133)/((-2)/(-7)). Give a(v).
9
Let c(p) = 2*p - 8. Let q be -1*((-1)/(-1) - 4). Let j(s) = 28*s - 16. Let a(o) = o. Let x(b) = -24*a(b) + j(b). Let u(k) = q*x(k) - 5*c(k). What is u(6)?
4
Let h = 381 + -386. Let i(j) be the second derivative of -j**5/20 - j**4/2 - 2*j**3/3 + j**2 + j. Determine i(h).
-3
Let c be -2*1 - (3 + -7). Suppose 19 = -3*i + 5*j - c, 3*j = -3*i + 3. Let l(k) = -2*k**3 + k - 1. Calculate l(i).
13
Let o be (5 - -1) + -3 + 0. Let f(k) = -7*k + 3. Let v(u) = 6*u - 3. Let l(z) = -z + 2. Let h be l(-2). Let j(g) = h*v(g) + 3*f(g). Determine j(o).
6
Let y(z) = -z**3 + 3*z**2 + 5*z + 1. Let q be y(3). Let j(w) = 5 - 6*w + q*w - 9*w. Give j(-12).
-7
Let s(g) be the first derivative of -1 + g**3 + 1/6*g**4 - 1/60*g**5 + 0*g + 1/2*g**2. Let b(m) be the second derivative of s(m). Determine b(6).
-6
Let c(u) be the first derivative of -u**4/4 - 7*u**3/3 - 2*u**2 + 8*u + 20. What is c(-7)?
36
Let n(t) be the second derivative of t**4/12 - 3*t**3/2 - t**2 + 23*t - 2. Let s be n(9). Let d(c) = c**3 + 2*c**2 + c. Determine d(s).
-2
Let u(m) = -m**2 + 1. Let i(j) = 2*j**2 + 8*j - 10. Suppose 0*d = -d + 2. Suppose -1 = -b + d*q, 2*q + 10 = -4*b + 2*b. Let n(k) = b*u(k) - i(k). Give n(6).
-5
Let s(z) = -z + 4. Let o = -77 + 79. Give s(o).
2
Let o = 1723 + -1726. Let k(z) = -2*z - 6. Give k(o).
0
Let l = -182 + 184. Let b(f) = -2*f**3 + f**2 - f - 1. What is b(l)?
-15
Let q(y) = -60*y**2 - 108*y + 43*y + 23 + 61*y**2 + 51*y. What is q(11)?
-10
Let w(m) be the first derivative of -m**6/20 + m**4/24 - 2*m**3 - 13. Let v(q) be the third derivative of w(q). Determine v(1).
-17
Let x = -63 - -69. Let r(p) = 13*p + x*p - 21*p + 9*p. What is r(1)?
7
Let k(z) be the first derivative of -z + 1/2*z**2 + 33. Determine k(3).
2
Let v = -397 - -403. Let x(s) = -s**3 + 7*s**2 - 2*s + 2. Give x(v).
26
Let g(f) = -f. Let p(i) = i**2 + 3*i + 3. Let j(y) = 3*g(y) + p(y). Determine j(0).
3
Let g be (-3 + 0)*(-5)/15. Let y be (9/(-12))/(g/(-4)). Let i(x) = 3*x - y*x + 3 + 2*x - x. Calculate i(-3).
0
Let m be (-714)/(-85)*10/4. Let a(k) = k**3 - 3*k**2 - 2*k - 3. Let v be a(4). Suppose 28 = x + v*r, x + x - m = -3*r. Let n(d) = -d**2 + 2*d - 2. What is n(x)?
-5
Let t(k) = -k + 1. Let x = 323 - 320. Calculate t(x).
-2
Let p be (3 + (-21)/9)*3. Suppose 4 = -r + p*r. Suppose 4*l + 10 - 2 = 0, r*l = -3*t + 1. Let d(w) = -w**2 + 3*w + 4. What is d(t)?
4
Let j(h) = 7*h + 8. Let v(z) = -15*z - 17. Let c(p) = 7*j(p) + 3*v(p). Let t be c(0). Let n(l) = l**2 - 5*l - 4. Determine n(t).
-4
Let n be (-122)/(-18) - 2/(-9). Let b(k) = 70*k**2 - 4*k - 132*k**2 + 11*k + 61*k**2 - 5. Determine b(n).
-5
Suppose 2*x + 4 = 3*x. Suppose x*r - 30 = -r. Let b(l) = -2 + 6*l - 5 + r + l**2. What is b(-6)?
-1
Let b(y) = -y**2 + 2 + 243*y - 3 - 119*y - 120*y. What is b(5)?
-6
Let j(y) be the second derivative of -y**6/180 - y**5/20 - y**4/6 - 2*y**3 - 7*y. Let w(z) be the second derivative of j(z). Give w(-4).
-12
Let y(a) = -3*a - 17. Let i(m) = m. Let u(j) = -i(j) - y(j). Calculate u(-10).
-3
Let b(o) = -o**3 + 9*o**2 - 2. Let j be b(9). Let p(a) = 3*a + 6. What is p(j)?
0
Let q(p) be the third derivative of p**6/120 - p**5/20 - p**4/8 - p**3/6 + 7*p**2. Let j = 101 + -97. Calculate q(j).
3
Let y(o) = -o**3 - o**2 - 5. Let g(x) = -x**2 + 7*x. Suppose 14*i - 7*i = 28. Suppose -3*u + 2 = 2*h - 9, 0 = -i*u - 5*h + 3. Let a be g(u). Give y(a).
-5
Let a(b) be the second derivative of -b**8/6720 + b**7/630 + b**6/90 - b**5/20 - 7*b**4/12 + 27*b. Let n(k) be the third derivative of a(k). Calculate n(5).
9
Let x be 1/2*0/(-2). Let t = -3 + 0. Let l = x + t. Let o(c) = -c**2 - 5*c - 4. What is o(l)?
2
Let k(b) = 121*b - 4*b**2 + 22 - 115*b + 12*b**2 - b**3. Give k(9).
-5
Let g(u) = -2*u**2 - 5*u - 2. Let z(x) = 2*x**2 - 6*x + 2. Let n be z(6). Let s = n + -41. Calculate g(s).
-5
Let z(f) = -2*f**3 + 356*f + f**2 + 0 - 358*f - 4 + 3*f**3. Calculate z(0).
-4
Let s(f) = f**2 + 6*f - 7. Let b be s(-7). Let w(d) = -d**2. Determine w(b).
0
Let f(i) be the second derivative of i**5/20 + i**4/4 - 5*i**3/6 - 2*i**2 - 2*i. Suppose 4*g = 2*b + 9 + 19, -3*g = 5*b + 5. Give f(b).
0
Let r(s) = 3*s + 0*s**2 + s**2 - 7*s - 3 + 7. Calculate r(2).
0
Suppose -6*x = -27 - 15. Suppose -x*i = -0 + 7. Let z(y) = -2*y**2 + 1. Determine z(i).
-1
Let a(n) be the second derivative of 9/20*n**5 - 1/12*n**4 + 0 - 1/6*n**3 - 1/2*n**2 + n. Suppose -30*f = -31*f - 1. Calculate a(f).
-10
Let n be 2*(-1 + 6 - 98/(-28)). Let m(z) = z**2 - 17*z - 4. What is m(n)?
-4
Let p = 28 - 14. Let t = 8 - p. Let g(j) = j + 1. Let m(o) = -o**2 - 7*o - 2. Let y(v) = -g(v) - m(v). What is y(t)?
1
Let y(f) be the first derivative of f**4/2 + f**3 + 3*f**2/2 - 3*f + 327. Determine y(-3).
-39
Let c be 36/60 - (-54)/10. Suppose 19 = c*t - 5. Let i(j) = -4*j. Give i(t).
-16
Let a(g) = -3*g**2 - 4*g - 2. Let x = -55 - -55. Suppose -n = 4*p + 15, 2*n - p + 3 = -x. What is a(n)?
-17
Let f = -1 - 0. Let y(k) = 6*k**2 + 92272*k + 1 - 92272*k. What is y(f)?
7
Let c(g) = -8*g**2 + 2*g - 1. Let d(f) = -7*f**2 + 2*f - 1. Let h(t) = -8*c(t) + 9*d(t). Suppose 4*m - 9 = 3*u + 4, -3*u - 4*m + 19 = 0. Determine h(u).
2
Let h(z) be the second derivative of 0 - 1/2*z**2 - 17*z - 1/3*z**3. Let f be (-9 + 6)/(6/4). What is h(f)?
3
Let i(z) = -3*z + z**3 + 2*z - 9*z**2 + 3*z - z - 3. Calculate i(9).
6
Let d(b) = 5*b + 2. Suppose -12 + 51 = 4*l - 3*r, 0 = 5*r + 25. Calculate d(l).
32
Let m(l) = 3*l - 1. Let v(q) = q + 1. Let o(z) = 2*m(z) - 3*v(z). Let a be 2/3 + (-13)/(-3). Give o(a).
10
Let z be (-5)/(-8)*-10 + (-7)/(-28). Let q be z*((-3 - (-3 - -3)) + 4). Let p(f) = -f**2 - 6*f + 5. Determine p(q).
5
Let p(g) = g**2 + 4*g + 1. Let o(b) = -b - 2. Let l be o(5). Let u(j) = -j**3 - 6*j**2 + 6*j - 4. Let w be u(l). Let s = w + -8. Give p(s).
6
Let q(s) = -s**3 + 24*s**2 - 64*s + 18. Let z be ((-4)/(40/(-42)))/(7/35). What is q(z)?
-3
Let d be (10/25)/((-1)/(-5)). Suppose -3*c - d*c + 15 = 0. Let b(y) = y**3 - y**2. Let u(h) = -2*h**3 + 4*h**2 + h. Let i(k) = -b(k) - u(k). Determine i(c).
-3
Let o(g) = -3*g**2. Suppose 3*a + 13 = z + 3*z, 8 = -z - 3*a. Calculate o(z).
-3
Suppose 5 = 5*i + 5*d, 3*d - 2 = -2*i + 4. Let y(c) = c**3 + 3*c**2 + c - 1. Let r be y(i). Let m(p) = -p**3 - 2*p**2 + 4*p - 2. Calculate m(r).
14
Let r(m) = m**2 + m - 4. Let c(x) = 6*x**2 + 2*x - 20. Let f(s) = 2*c(s) - 11*r(s). What is f(7)?
4
Suppose -z - 3*z = -c, 4*z + 5*c = 0. Let t be (-1 + 1/3)*9/(-3). Let m(w) = t + z*w + 4*w + 0*w. Determine m(-2).
-6
Suppose 0*s = -2*s + 6. Let h(t) be the third derivative of t**6/720 + t**5/120 - 5*t**4/8 + 28*t**2. Let d(m) be the second derivative of h(m). Calculate d(s).
4
Let t(i) = 21*i - 24. Let r be t(-4). Let j = r + 112. Let m(l) = -3*l**2 - 4 + 2*l**2 + l + 5*l. Calculate m(j).
4
Let s(b) = -2*b**2 + 3*b. Let c = 629 + -627. What is s(c)?
-2
Let p(g) = -7*g - 5. Let t(u) = -4 - 8*u - 2 + 3 - 3. Let f(n) = 4*p(n) - 3*t(n). What is f(3)?
-14
Let u = 296 + 699. Let i(o) = -6 + 3 - 6 - o**2 + 1005*o - u*o. Determine i(6).
15
Suppose -6*r = -11*r - 2*c, -5*c - 29 = -2*r. Let d(m) = -24 + 2*m - 24 + 2*m**2 + 47 - m**r. Give d(1).
2
Let i(f) = 6*f + 2 - 5*f + 0. Let g be (-17 - -7)/(4 - 2). Determine i(g).
-3
Suppose s - 27 + 6 = 3*y, 0 = 2*y + 3*s + 3. Let h(g) = 1. Let r(q) = -q**2 - 6*q - 5. Let a(f) = -3*h(f) - r(f). What is a(y)?
2
Let r(s) be the second derivative of 1/20*s**5 + 7/12*s**4 + 0 + 3/2*s**2 + 6*s + s**3. Suppose -3*j - 3 + 0 = -2*k, 0 = 2*j + 10. Calculate r(k).
3
Suppose 0 = p + 2*p + 30. Let m(b) = 25 - 11 - 10 - b**2 + 2*b**2 + 11*b + 0*b**2. Give m(p).
-6
Suppose -4*m = -5*x - 34, 3*m - 7 - 5 = -3*x. Let k(l) be the first derivative of l**4/4 - 2*l**3 + 5*l + 151. Determine k(m).
5
Let m(s) be the third derivative of -s**9/60480 - s**8/6720 + s**7/1008 - s**6/240 + s**5/12 - 12*s**2. Let o(q) be the third derivative of m(q). Give o(-5).
22
Let o(g) = -g + 8 + 0*g - 7 - 5. Suppose -10 = 4*a - j - j, -3*a = -5*j + 25. What is o(a)?
-4
Let n(p) be the second derivative of p**6/120 + p**5/40 + 4*p**4/3 + 18*p. Let w(g) be the third derivative of n(g). What 